f 1546?
False
Is 720597285 a multiple of 3182?
False
Does 15 divide 117146442?
False
Is 3998593 a multiple of 25?
False
Is 11211530 a multiple of 110?
True
Does 57 divide 63201403?
False
Does 5 divide 33639070?
True
Is 7 a factor of 218208531?
False
Does 983 divide 64274557?
False
Does 6 divide 35628140?
False
Is 298 a factor of 27263722?
True
Does 181 divide 377762077?
False
Does 9 divide 179483688?
True
Does 17 divide 269385366?
True
Is 22042376 a multiple of 568?
True
Does 391 divide 464724614?
True
Is 13117 a factor of 3417280191?
True
Is 61386590 a multiple of 397?
False
Is 52 a factor of 22410893?
False
Is 23 a factor of 38450227?
True
Is 581 a factor of 598129427?
False
Does 870 divide 1321052370?
True
Is 168073316 a multiple of 38?
True
Is 51 a factor of 45207903?
False
Is 41953737 a multiple of 749?
True
Is 15 a factor of 362269180?
False
Is 2166405903 a multiple of 3937?
False
Is 80 a factor of 1532685298?
False
Is 3066569 a multiple of 47?
False
Does 21 divide 64429407?
True
Does 101 divide 80797071?
True
Is 382314927 a multiple of 472?
False
Is 216240947 a multiple of 318?
False
Is 314 a factor of 28987224?
True
Is 908 a factor of 323847613?
False
Is 52 a factor of 2172861392?
True
Does 628 divide 207522885?
False
Does 389 divide 49118641?
True
Is 84 a factor of 332941392?
True
Does 665 divide 20292115?
False
Is 152 a factor of 685639?
False
Is 757 a factor of 37990367?
False
Is 28902431 a multiple of 11?
False
Does 814 divide 237755132?
False
Does 51 divide 1288802232?
True
Does 14 divide 858402993?
False
Is 22 a factor of 60527434?
True
Does 2938 divide 1347181706?
True
Does 29 divide 2764329561?
True
Is 425 a factor of 121544900?
True
Is 907143753 a multiple of 25?
False
Is 26003784 a multiple of 376?
True
Is 103 a factor of 45456269?
True
Does 154 divide 104218254?
False
Is 28384023 a multiple of 821?
False
Is 143472207 a multiple of 171?
False
Does 70 divide 13457536?
False
Does 18 divide 76667634?
True
Is 23610748 a multiple of 43?
False
Is 984571123 a multiple of 2336?
False
Is 797994018 a multiple of 729?
True
Is 29 a factor of 57415012?
True
Is 405 a factor of 627974370?
True
Is 107 a factor of 84452003?
False
Is 299 a factor of 213954372?
False
Does 4 divide 39131195?
False
Does 56 divide 46723084?
False
Does 102 divide 85850971?
False
Does 83 divide 91583860?
True
Does 20 divide 61835700?
True
Is 876 a factor of 1827207228?
True
Is 59718686 a multiple of 63?
False
Is 62746746 a multiple of 52?
False
Does 142 divide 26924748?
False
Is 188 a factor of 2507479007?
False
Does 198 divide 1621134108?
True
Is 18 a factor of 66401514?
True
Does 2052 divide 783199291?
False
Is 183228544 a multiple of 2?
True
Is 339 a factor of 390277521?
False
Is 2063463598 a multiple of 5863?
False
Does 4 divide 988097128?
True
Is 3038 a factor of 49442167?
False
Is 557 a factor of 106338592?
False
Is 1815 a factor of 177747252?
False
Does 4027 divide 2350196391?
False
Does 36 divide 484766100?
True
Is 131078467 a multiple of 25?
False
Is 90857040 a multiple of 217?
False
Is 860706 a multiple of 759?
True
Is 906728284 a multiple of 82?
True
Is 663821997 a multiple of 2020?
False
Is 897268610 a multiple of 84?
False
Is 13732253 a multiple of 69?
False
Is 135 a factor of 941209118?
False
Does 354 divide 476901012?
True
Does 24 divide 216660184?
False
Does 9 divide 921736857?
False
Is 36 a factor of 4077700023?
False
Is 518 a factor of 58171918?
True
Does 7 divide 5278642?
False
Is 117306435 a multiple of 333?
False
Does 24 divide 749322984?
True
Is 6 a factor of 1020979405?
False
Does 66 divide 90807386?
False
Does 1164 divide 171410697?
False
Does 64 divide 242157440?
True
Is 423727523 a multiple of 211?
False
Is 12 a factor of 99846337?
False
Is 1835368 a multiple of 8?
True
Is 115 a factor of 380080950?
False
Does 25 divide 251354625?
True
Does 23 divide 478883023?
True
Is 4 a factor of 4196375?
False
Is 2412738 a multiple of 4?
False
Does 199 divide 653516?
True
Does 614 divide 5426709?
False
Does 10 divide 2510090114?
False
Does 89 divide 36638185?
True
Is 142594410 a multiple of 14?
True
Does 80 divide 713514960?
True
Is 1934 a factor of 185038742?
False
Is 13 a factor of 23239128?
False
Is 797 a factor of 25810845?
True
Does 6 divide 32046834?
True
Is 778385402 a multiple of 3?
False
Is 34 a factor of 11545?
False
Is 133925251 a multiple of 126?
False
Is 35 a factor of 764395100?
True
Is 18 a factor of 12946338?
True
Is 5252 a factor of 171561832?
True
Is 3662 a factor of 655813628?
False
Is 244386060 a multiple of 12?
True
Is 93570429 a multiple of 169?
False
Is 90514356 a multiple of 678?
True
Is 2464849670 a multiple of 19?
True
Does 504 divide 1320265296?
True
Is 104203185 a multiple of 246?
False
Is 285 a factor of 546417675?
True
Does 146 divide 115460158?
True
Is 27214764 a multiple of 128?
False
Is 222 a factor of 2069302404?
True
Does 1899 divide 1139688648?
True
Does 1155 divide 70284647?
False
Is 311222 a multiple of 61?
True
Is 112313951 a multiple of 904?
False
Is 76 a factor of 38088790?
False
Is 6676 a factor of 115067536?
True
Is 31 a factor of 17307740?
False
Is 53579547 a multiple of 768?
False
Is 764 a factor of 335928052?
False
Is 1434 a factor of 26586698?
False
Is 7452694 a multiple of 103?
False
Is 11627799 a multiple of 3?
True
Is 5057 a factor of 695670958?
False
Is 18 a factor of 1350961704?
True
Is 24 a factor of 77704944?
True
Is 1254383550 a multiple of 25?
True
Is 545 a factor of 943043475?
True
Is 70669088 a multiple of 217?
True
Is 8822 a factor of 592929028?
False
Is 19 a factor of 45703636?
False
Is 803845 a multiple of 17?
True
Is 109 a factor of 1569229836?
True
Is 3842524 a multiple of 1036?
True
Does 186 divide 46339668?
True
Is 2766546 a multiple of 112?
False
Is 7 a factor of 30921625?
True
Does 40 divide 258783280?
True
Is 29921232 a multiple of 2787?
True
Is 262736462 a multiple of 29?
True
Is 1748 a factor of 100496016?
True
Is 14759544 a multiple of 24?
True
Is 4857807570 a multiple of 274?
False
Is 79051480 a multiple of 795?
False
Is 42 a factor of 41648922?
True
Does 603 divide 61867197?
True
Does 13 divide 77179856?
True
Is 94914087 a multiple of 497?
False
Does 59 divide 322100382?
False
Does 3279 divide 359519397?
True
Does 5 divide 1351686629?
False
Is 1429649376 a multiple of 57?
True
Is 19 a factor of 220888281?
True
Does 22 divide 3307185140?
False
Is 410144940 a multiple of 865?
True
Is 69 a factor of 87187026?
False
Is 1492 a factor of 50471376?
True
Is 774 a factor of 1820595?
False
Is 271 a factor of 3521683490?
False
Does 52 divide 2797236?
True
Is 48 a factor of 23547882?
False
Is 108555220 a multiple of 43?
True
Is 11116391 a multiple of 191?
True
Is 9 a factor of 8438357?
False
Does 349 divide 130471905?
True
Is 77377080 a multiple of 292?
True
Is 13103610 a multiple of 13?
True
Is 1784841250 a multiple of 725?
True
Does 20 divide 10828760?
True
Is 658 a factor of 1664659724?
True
Does 7375 divide 665579000?
True
Is 13 a factor of 209053716?
False
Does 14 divide 263617862?
False
Is 144442299 a multiple of 31?
True
Is 3 a factor of 756712834?
False
Is 18924863 a multiple of 1536?
False
Does 624 divide 152773436?
False
Is 6699277161 a multiple of 97?
True
Does 3 divide 71246?
False
Is 57253572 a multiple of 1872?
False
Does 1032 divide 2162957763?
False
Is 1045327472 a multiple of 8?
True
Is 22568294 a multiple of 1087?
True
Does 405 divide 443784427?
False
Is 1162 a factor of 3302564064?
False
Does 2 divide 1535832?
True
Is 71 a factor of 99562032?
False
Is 20 a factor of 2447912?
False
Is 58030980 a multiple of 30?
True
Is 5224 a factor of 495282392?
False
Does 3588 divide 1168102104?
True
Is 151 a factor of 73513746?
True
Is 73384254 a multiple of 31?
True
Does 98 divide 46343169?
False
Is 13 a factor of 9701913?
True
Is 7 a factor of 22792596?
False
Is 1279028400 a multiple of 1006?
True
Is 77546711 a multiple of 9?
False
Is 373188057 a multiple of 61?
True
Is 13947864 a multiple of 5?
False
Is 383 a factor of 1774439?
True
Is 5 a factor of 2737500?
True
Is 289065780 a multiple of 90?
True
Is 371 a factor of 63049966?
True
Is 78 a factor of 7455084?
True
Is 77 a factor of 40657188?
False
Is 43087500 a multiple of 766?
True
Is 13 a factor of 51801627?
False
Is 1270539861 a 